{"id":1001,"date":"2021-09-22T16:42:29","date_gmt":"2021-09-22T14:42:29","guid":{"rendered":"https:\/\/www.renatocasa.lu\/renato-casa-elegant-functional-products\/"},"modified":"2021-11-16T09:58:52","modified_gmt":"2021-11-16T08:58:52","slug":"renato-casa-meubles-maison-elegants","status":"publish","type":"page","link":"https:\/\/www.renatocasa.lu\/fr\/renato-casa-meubles-maison-elegants\/","title":{"rendered":"Produits"},"content":{"rendered":"<p>Explorez les compositions, cliquez sur les pi\u00e8ces avec votre look pr\u00e9f\u00e9r\u00e9 et laissez-vous inspirer pour cr\u00e9er votre maison personnelle.<\/p>\n","protected":false},"excerpt":{"rendered":"<p>Explorez les compositions, cliquez sur les pi\u00e8ces avec votre look pr\u00e9f\u00e9r\u00e9 et laissez-vous inspirer pour cr\u00e9er votre maison personnelle.<\/p>\n","protected":false},"author":1,"featured_media":247,"parent":0,"menu_order":13,"comment_status":"closed","ping_status":"closed","template":"page-products.php","meta":{"footnotes":""},"class_list":["post-1001","page","type-page","status-publish","has-post-thumbnail","hentry"],"acf":[],"yoast_head":"<!-- This site is optimized with the Yoast SEO plugin v17.6 - https:\/\/yoast.com\/wordpress\/plugins\/seo\/ -->\n<meta name=\"description\" content=\"Des meubles \u00e9l\u00e9gants pour votre maison. Explorez nos collections et laissez-vous inspirer par la s\u00e9lection moderne de Renato Casa.\" \/>\n<meta name=\"robots\" content=\"index, follow, max-snippet:-1, max-image-preview:large, max-video-preview:-1\" \/>\n<link rel=\"canonical\" href=\"https:\/\/www.renatocasa.lu\/fr\/renato-casa-meubles-maison-elegants\/\" \/>\n<meta property=\"og:locale\" content=\"fr_FR\" \/>\n<meta property=\"og:type\" content=\"article\" \/>\n<meta property=\"og:title\" content=\"D\u00e9couvrez nos collections \u2013 Renato Casa\" \/>\n<meta property=\"og:description\" content=\"Des meubles \u00e9l\u00e9gants pour votre maison. Explorez nos collections et laissez-vous inspirer par la s\u00e9lection moderne de Renato Casa.\" \/>\n<meta property=\"og:url\" content=\"https:\/\/www.renatocasa.lu\/fr\/renato-casa-meubles-maison-elegants\/\" \/>\n<meta property=\"og:site_name\" content=\"Renato Casa\" \/>\n<meta property=\"article:modified_time\" content=\"2021-11-16T08:58:52+00:00\" \/>\n<meta property=\"og:image\" content=\"https:\/\/www.renatocasa.lu\/wp-content\/uploads\/2021\/09\/renato-casa-bespoke-interior-design-collection-day-nvm-0-8-03.jpg\" \/>\n\t<meta property=\"og:image:width\" content=\"2000\" \/>\n\t<meta property=\"og:image:height\" content=\"1000\" \/>\n<meta name=\"twitter:card\" content=\"summary_large_image\" \/>\n<script type=\"application\/ld+json\" class=\"yoast-schema-graph\">{\"@context\":\"https:\/\/schema.org\",\"@graph\":[{\"@type\":\"Organization\",\"@id\":\"https:\/\/www.renatocasa.lu\/fr\/#organization\",\"name\":\"Renato Casa By Refa Real Estate\",\"url\":\"https:\/\/www.renatocasa.lu\/fr\/\",\"sameAs\":[],\"logo\":{\"@type\":\"ImageObject\",\"@id\":\"https:\/\/www.renatocasa.lu\/fr\/#logo\",\"inLanguage\":\"fr-FR\",\"url\":\"https:\/\/www.renatocasa.lu\/wp-content\/uploads\/2021\/11\/logo.png\",\"contentUrl\":\"https:\/\/www.renatocasa.lu\/wp-content\/uploads\/2021\/11\/logo.png\",\"width\":500,\"height\":134,\"caption\":\"Renato Casa By Refa Real Estate\"},\"image\":{\"@id\":\"https:\/\/www.renatocasa.lu\/fr\/#logo\"}},{\"@type\":\"WebSite\",\"@id\":\"https:\/\/www.renatocasa.lu\/fr\/#website\",\"url\":\"https:\/\/www.renatocasa.lu\/fr\/\",\"name\":\"Renato Casa\",\"description\":\"Bespoke interior design\",\"publisher\":{\"@id\":\"https:\/\/www.renatocasa.lu\/fr\/#organization\"},\"potentialAction\":[{\"@type\":\"SearchAction\",\"target\":{\"@type\":\"EntryPoint\",\"urlTemplate\":\"https:\/\/www.renatocasa.lu\/fr\/?s={search_term_string}\"},\"query-input\":\"required name=search_term_string\"}],\"inLanguage\":\"fr-FR\"},{\"@type\":\"ImageObject\",\"@id\":\"https:\/\/www.renatocasa.lu\/fr\/renato-casa-meubles-maison-elegants\/#primaryimage\",\"inLanguage\":\"fr-FR\",\"url\":\"https:\/\/www.renatocasa.lu\/wp-content\/uploads\/2021\/09\/renato-casa-bespoke-interior-design-collection-day-nvm-0-8-03.jpg\",\"contentUrl\":\"https:\/\/www.renatocasa.lu\/wp-content\/uploads\/2021\/09\/renato-casa-bespoke-interior-design-collection-day-nvm-0-8-03.jpg\",\"width\":2000,\"height\":1000},{\"@type\":\"WebPage\",\"@id\":\"https:\/\/www.renatocasa.lu\/fr\/renato-casa-meubles-maison-elegants\/#webpage\",\"url\":\"https:\/\/www.renatocasa.lu\/fr\/renato-casa-meubles-maison-elegants\/\",\"name\":\"D\\u00e9couvrez nos collections \\u2013 Renato Casa\",\"isPartOf\":{\"@id\":\"https:\/\/www.renatocasa.lu\/fr\/#website\"},\"primaryImageOfPage\":{\"@id\":\"https:\/\/www.renatocasa.lu\/fr\/renato-casa-meubles-maison-elegants\/#primaryimage\"},\"datePublished\":\"2021-09-22T14:42:29+00:00\",\"dateModified\":\"2021-11-16T08:58:52+00:00\",\"description\":\"Des meubles \\u00e9l\\u00e9gants pour votre maison. Explorez nos collections et laissez-vous inspirer par la s\\u00e9lection moderne de Renato Casa.\",\"breadcrumb\":{\"@id\":\"https:\/\/www.renatocasa.lu\/fr\/renato-casa-meubles-maison-elegants\/#breadcrumb\"},\"inLanguage\":\"fr-FR\",\"potentialAction\":[{\"@type\":\"ReadAction\",\"target\":[\"https:\/\/www.renatocasa.lu\/fr\/renato-casa-meubles-maison-elegants\/\"]}]},{\"@type\":\"BreadcrumbList\",\"@id\":\"https:\/\/www.renatocasa.lu\/fr\/renato-casa-meubles-maison-elegants\/#breadcrumb\",\"itemListElement\":[{\"@type\":\"ListItem\",\"position\":1,\"name\":\"Home\",\"item\":\"https:\/\/www.renatocasa.lu\/fr\/\"},{\"@type\":\"ListItem\",\"position\":2,\"name\":\"Produits\"}]}]}<\/script>\n<!-- \/ Yoast SEO plugin. -->","yoast_head_json":{"description":"Des meubles \u00e9l\u00e9gants pour votre maison. Explorez nos collections et laissez-vous inspirer par la s\u00e9lection moderne de Renato Casa.","robots":{"index":"index","follow":"follow","max-snippet":"max-snippet:-1","max-image-preview":"max-image-preview:large","max-video-preview":"max-video-preview:-1"},"canonical":"https:\/\/www.renatocasa.lu\/fr\/renato-casa-meubles-maison-elegants\/","og_locale":"fr_FR","og_type":"article","og_title":"D\u00e9couvrez nos collections \u2013 Renato Casa","og_description":"Des meubles \u00e9l\u00e9gants pour votre maison. Explorez nos collections et laissez-vous inspirer par la s\u00e9lection moderne de Renato Casa.","og_url":"https:\/\/www.renatocasa.lu\/fr\/renato-casa-meubles-maison-elegants\/","og_site_name":"Renato Casa","article_modified_time":"2021-11-16T08:58:52+00:00","og_image":[{"width":2000,"height":1000,"url":"https:\/\/www.renatocasa.lu\/wp-content\/uploads\/2021\/09\/renato-casa-bespoke-interior-design-collection-day-nvm-0-8-03.jpg","type":"image\/jpeg"}],"twitter_card":"summary_large_image","schema":{"@context":"https:\/\/schema.org","@graph":[{"@type":"Organization","@id":"https:\/\/www.renatocasa.lu\/fr\/#organization","name":"Renato Casa By Refa Real Estate","url":"https:\/\/www.renatocasa.lu\/fr\/","sameAs":[],"logo":{"@type":"ImageObject","@id":"https:\/\/www.renatocasa.lu\/fr\/#logo","inLanguage":"fr-FR","url":"https:\/\/www.renatocasa.lu\/wp-content\/uploads\/2021\/11\/logo.png","contentUrl":"https:\/\/www.renatocasa.lu\/wp-content\/uploads\/2021\/11\/logo.png","width":500,"height":134,"caption":"Renato Casa By Refa Real Estate"},"image":{"@id":"https:\/\/www.renatocasa.lu\/fr\/#logo"}},{"@type":"WebSite","@id":"https:\/\/www.renatocasa.lu\/fr\/#website","url":"https:\/\/www.renatocasa.lu\/fr\/","name":"Renato Casa","description":"Bespoke interior design","publisher":{"@id":"https:\/\/www.renatocasa.lu\/fr\/#organization"},"potentialAction":[{"@type":"SearchAction","target":{"@type":"EntryPoint","urlTemplate":"https:\/\/www.renatocasa.lu\/fr\/?s={search_term_string}"},"query-input":"required name=search_term_string"}],"inLanguage":"fr-FR"},{"@type":"ImageObject","@id":"https:\/\/www.renatocasa.lu\/fr\/renato-casa-meubles-maison-elegants\/#primaryimage","inLanguage":"fr-FR","url":"https:\/\/www.renatocasa.lu\/wp-content\/uploads\/2021\/09\/renato-casa-bespoke-interior-design-collection-day-nvm-0-8-03.jpg","contentUrl":"https:\/\/www.renatocasa.lu\/wp-content\/uploads\/2021\/09\/renato-casa-bespoke-interior-design-collection-day-nvm-0-8-03.jpg","width":2000,"height":1000},{"@type":"WebPage","@id":"https:\/\/www.renatocasa.lu\/fr\/renato-casa-meubles-maison-elegants\/#webpage","url":"https:\/\/www.renatocasa.lu\/fr\/renato-casa-meubles-maison-elegants\/","name":"D\u00e9couvrez nos collections \u2013 Renato Casa","isPartOf":{"@id":"https:\/\/www.renatocasa.lu\/fr\/#website"},"primaryImageOfPage":{"@id":"https:\/\/www.renatocasa.lu\/fr\/renato-casa-meubles-maison-elegants\/#primaryimage"},"datePublished":"2021-09-22T14:42:29+00:00","dateModified":"2021-11-16T08:58:52+00:00","description":"Des meubles \u00e9l\u00e9gants pour votre maison. Explorez nos collections et laissez-vous inspirer par la s\u00e9lection moderne de Renato Casa.","breadcrumb":{"@id":"https:\/\/www.renatocasa.lu\/fr\/renato-casa-meubles-maison-elegants\/#breadcrumb"},"inLanguage":"fr-FR","potentialAction":[{"@type":"ReadAction","target":["https:\/\/www.renatocasa.lu\/fr\/renato-casa-meubles-maison-elegants\/"]}]},{"@type":"BreadcrumbList","@id":"https:\/\/www.renatocasa.lu\/fr\/renato-casa-meubles-maison-elegants\/#breadcrumb","itemListElement":[{"@type":"ListItem","position":1,"name":"Home","item":"https:\/\/www.renatocasa.lu\/fr\/"},{"@type":"ListItem","position":2,"name":"Produits"}]}]}},"_links":{"self":[{"href":"https:\/\/www.renatocasa.lu\/fr\/wp-json\/wp\/v2\/pages\/1001","targetHints":{"allow":["GET"]}}],"collection":[{"href":"https:\/\/www.renatocasa.lu\/fr\/wp-json\/wp\/v2\/pages"}],"about":[{"href":"https:\/\/www.renatocasa.lu\/fr\/wp-json\/wp\/v2\/types\/page"}],"author":[{"embeddable":true,"href":"https:\/\/www.renatocasa.lu\/fr\/wp-json\/wp\/v2\/users\/1"}],"replies":[{"embeddable":true,"href":"https:\/\/www.renatocasa.lu\/fr\/wp-json\/wp\/v2\/comments?post=1001"}],"version-history":[{"count":1,"href":"https:\/\/www.renatocasa.lu\/fr\/wp-json\/wp\/v2\/pages\/1001\/revisions"}],"predecessor-version":[{"id":1106,"href":"https:\/\/www.renatocasa.lu\/fr\/wp-json\/wp\/v2\/pages\/1001\/revisions\/1106"}],"wp:featuredmedia":[{"embeddable":true,"href":"https:\/\/www.renatocasa.lu\/fr\/wp-json\/wp\/v2\/media\/247"}],"wp:attachment":[{"href":"https:\/\/www.renatocasa.lu\/fr\/wp-json\/wp\/v2\/media?parent=1001"}],"curies":[{"name":"wp","href":"https:\/\/api.w.org\/{rel}","templated":true}]}}

<p>Explorez les compositions, cliquez sur les pièces avec votre look préféré et laissez-vous inspirer pour créer votre maison personnelle.</p>

<!-- This site is optimized with the Yoast SEO plugin v17.6 - https://yoast.com/wordpress/plugins/seo/ -->
<meta name="description" content="Des meubles élégants pour votre maison. Explorez nos collections et laissez-vous inspirer par la sélection moderne de Renato Casa." />
<meta name="robots" content="index, follow, max-snippet:-1, max-image-preview:large, max-video-preview:-1" />
<link rel="canonical" href="https://www.renatocasa.lu/fr/renato-casa-meubles-maison-elegants/" />
<meta property="og:locale" content="fr_FR" />
<meta property="og:type" content="article" />
<meta property="og:title" content="Découvrez nos collections – Renato Casa" />
<meta property="og:description" content="Des meubles élégants pour votre maison. Explorez nos collections et laissez-vous inspirer par la sélection moderne de Renato Casa." />
<meta property="og:url" content="https://www.renatocasa.lu/fr/renato-casa-meubles-maison-elegants/" />
<meta property="og:site_name" content="Renato Casa" />
<meta property="article:modified_time" content="2021-11-16T08:58:52+00:00" />
<meta property="og:image" content="https://www.renatocasa.lu/wp-content/uploads/2021/09/renato-casa-bespoke-interior-design-collection-day-nvm-0-8-03.jpg" />
	<meta property="og:image:width" content="2000" />
	<meta property="og:image:height" content="1000" />
<meta name="twitter:card" content="summary_large_image" />
<script type="application/ld+json" class="yoast-schema-graph">{"@context":"https://schema.org","@graph":[{"@type":"Organization","@id":"https://www.renatocasa.lu/fr/#organization","name":"Renato Casa By Refa Real Estate","url":"https://www.renatocasa.lu/fr/","sameAs":[],"logo":{"@type":"ImageObject","@id":"https://www.renatocasa.lu/fr/#logo","inLanguage":"fr-FR","url":"https://www.renatocasa.lu/wp-content/uploads/2021/11/logo.png","contentUrl":"https://www.renatocasa.lu/wp-content/uploads/2021/11/logo.png","width":500,"height":134,"caption":"Renato Casa By Refa Real Estate"},"image":{"@id":"https://www.renatocasa.lu/fr/#logo"}},{"@type":"WebSite","@id":"https://www.renatocasa.lu/fr/#website","url":"https://www.renatocasa.lu/fr/","name":"Renato Casa","description":"Bespoke interior design","publisher":{"@id":"https://www.renatocasa.lu/fr/#organization"},"potentialAction":[{"@type":"SearchAction","target":{"@type":"EntryPoint","urlTemplate":"https://www.renatocasa.lu/fr/?s={search_term_string}"},"query-input":"required name=search_term_string"}],"inLanguage":"fr-FR"},{"@type":"ImageObject","@id":"https://www.renatocasa.lu/fr/renato-casa-meubles-maison-elegants/#primaryimage","inLanguage":"fr-FR","url":"https://www.renatocasa.lu/wp-content/uploads/2021/09/renato-casa-bespoke-interior-design-collection-day-nvm-0-8-03.jpg","contentUrl":"https://www.renatocasa.lu/wp-content/uploads/2021/09/renato-casa-bespoke-interior-design-collection-day-nvm-0-8-03.jpg","width":2000,"height":1000},{"@type":"WebPage","@id":"https://www.renatocasa.lu/fr/renato-casa-meubles-maison-elegants/#webpage","url":"https://www.renatocasa.lu/fr/renato-casa-meubles-maison-elegants/","name":"D\u00e9couvrez nos collections \u2013 Renato Casa","isPartOf":{"@id":"https://www.renatocasa.lu/fr/#website"},"primaryImageOfPage":{"@id":"https://www.renatocasa.lu/fr/renato-casa-meubles-maison-elegants/#primaryimage"},"datePublished":"2021-09-22T14:42:29+00:00","dateModified":"2021-11-16T08:58:52+00:00","description":"Des meubles \u00e9l\u00e9gants pour votre maison. Explorez nos collections et laissez-vous inspirer par la s\u00e9lection moderne de Renato Casa.","breadcrumb":{"@id":"https://www.renatocasa.lu/fr/renato-casa-meubles-maison-elegants/#breadcrumb"},"inLanguage":"fr-FR","potentialAction":[{"@type":"ReadAction","target":["https://www.renatocasa.lu/fr/renato-casa-meubles-maison-elegants/"]}]},{"@type":"BreadcrumbList","@id":"https://www.renatocasa.lu/fr/renato-casa-meubles-maison-elegants/#breadcrumb","itemListElement":[{"@type":"ListItem","position":1,"name":"Home","item":"https://www.renatocasa.lu/fr/"},{"@type":"ListItem","position":2,"name":"Produits"}]}]}</script>
<!-- / Yoast SEO plugin. -->

Des meubles élégants pour votre maison. Explorez nos collections et laissez-vous inspirer par la sélection moderne de Renato Casa.

Découvrez nos collections – Renato Casa
